 of j?
3, 5
Let t = 182 + -180. Suppose u + 1018 = t*i, -3*i + i = u - 1010. What are the prime factors of i?
3, 13
Let k be (3556/35)/((-2)/(-5)). Let s = k - 246. What are the prime factors of s?
2
Let y = 10 + -7. Suppose -5*v - i + 225 = -6*i, 216 = 5*v - 2*i. Suppose -4*u + y*w = w - v, -u + 10 = -w. What are the prime factors of u?
11
Suppose 4*s - 78 = -2*h, 2*h = -0*h - 10. Suppose 2*f = 2*v - 76, 4*f + 216 = 5*v + s. What are the prime factors of v?
2, 3, 7
Let w be (-3898)/(-8) + (-2)/8. Suppose -5*t + 304 = h - 177, -2*t + w = h. What are the prime factors of h?
491
Let d(n) = n**3 - 5*n**2 - 9*n + 10. Let u(h) = -h**2 + h + 1. Let a(i) = d(i) + 5*u(i). Suppose g + 4 = 15. List the prime factors of a(g).
2, 23
Let l(k) = k**2 + 2*k - 3. Suppose -12 + 9 = -3*h. Let v be l(h). Suppose -3*r - 3*r + 336 = v. What are the prime factors of r?
2, 7
Let g = 16409 - 9273. What are the prime factors of g?
2, 223
Let c(f) = -3*f - 24. Let h be c(-7). Let x be -3 - (-4 - -1)/h. What are the prime factors of 1/(x/14 + 71/224)?
2
Let f = 73638 - 43685. What are the prime factors of f?
7, 11, 389
Suppose -11*t + 50341 = -77435. What are the prime factors of t?
2, 3, 11
Let i(y) = y**3 + 5*y**2 + 2*y + 10. Let q be i(-5). Suppose -2*w - 3*b - 9 = 2*b, -w + b + 6 = q. Let f = 41 + w. List the prime factors of f.
2, 11
Let q = -595 - -597. What are the prime factors of (16391/148)/(q/16)?
2, 443
Let y = 27046 - -7220. List the prime factors of y.
2, 3, 5711
Let o(s) be the third derivative of 13*s**4/24 - 16*s**3/3 - 7*s**2. Let n(q) = -q**3 + 4*q**2 - q + 6. Let b be n(3). What are the prime factors of o(b)?
2, 31
Let m(t) = 241*t**2 - 102*t - 7. List the prime factors of m(-5).
2, 3, 17
Suppose -1267680 + 929939 = -575*u + 2051384. What are the prime factors of u?
3, 5, 277
Let t be (-126)/(-4)*-2*1*-19. Suppose 11*f - t = 8*f. List the prime factors of f.
3, 7, 19
Let l be 45/30 + 4203/6 + 1. Let n = l + 40. List the prime factors of n.
743
Let q(i) = -8*i + 159. Let r be q(19). Suppose r*g + 1976 = 4*z + 2*g, -966 = -2*z - 3*g. What are the prime factors of z?
3, 163
Suppose 811*u = 815*u - 3*g - 118487, g - 88875 = -3*u. List the prime factors of u.
2, 7, 23
List the prime factors of (-22)/6*(-4 + -14 - 1233).
3, 11, 139
Let n(w) = -25*w**3 - w**2 + w + 43. Let b be n(-4). Suppose 4*m - b = 1701. What are the prime factors of m?
3, 277
Suppose -616 = 3*c - 5*c. Let v = -4692 - -4529. Let n = v + c. List the prime factors of n.
5, 29
Let j be 6/(-4)*(-42)/21 + -3. Suppose -w - 8*w + 10467 = j. What are the prime factors of w?
1163
Suppose 6 = -14*o + 16*o. Suppose o*k + 840 = 7*k. Let b = 326 - k. List the prime factors of b.
2, 29
Let w be (-6)/9 + (-456)/(-9). Let b(p) = -5*p + 87. Let s be b(17). Let a = w + s. List the prime factors of a.
2, 13
Let l = -1519 + 813. Let t = 1241 + l. List the prime factors of t.
5, 107
Let j be (-8)/(-20) + 66/10. List the prime factors of (j/14)/((-5)/(-4060)).
2, 7, 29
Let w be -2 - -3*(4 - 2). Suppose 3*d + 43*s = 46*s + 24, -s - 24 = -5*d. Suppose d*k - 53 = -p + 59, 0 = w*k - p - 112. List the prime factors of k.
2, 7
Suppose 3892 = o - 4*s, 4*o = -96*s + 94*s + 15514. List the prime factors of o.
2, 5, 97
Suppose 14*s - 6726 = 7470. Suppose 5*n + 2*q - s = q, 4*q - 402 = -2*n. List the prime factors of n.
7, 29
Let n(h) = 171*h**2 - 346 - h + 344 - 7*h. What are the prime factors of n(-3)?
7, 223
Suppose q + 0*w = -2*w + 13, 4*w - 31 = -3*q. Let y(m) = -5*m**2 - m - 12*m + 4*m**3 + 7*m**2 - 3*m**3 + 40 - 37. What are the prime factors of y(q)?
113
Suppose c = -23*j + 27*j - 300979, 4*j + c - 300965 = 0. List the prime factors of j.
3, 7, 3583
Suppose -5*r = 2*a + 2*a + 42, -3*a + 56 = -5*r. Let w be -301*(6 - 1)*(-2)/r. Let i = w + 549. List the prime factors of i.
2, 31
Let d(n) = 13*n**2 + 12*n + 4. Suppose 7 + 26 = -2*a + 3*o, -2*a - 23 = -o. List the prime factors of d(a).
13, 73
Suppose -2*u + 40546 + 62535 = 9*u. What are the prime factors of u?
9371
Let q(b) = -b**3 - b**2 - 4*b + 13. Let j be q(0). Let l(t) = t**3 - 11*t**2 + 17*t + 14. What are the prime factors of l(j)?
3, 191
Suppose 3*m + 12 = 117. Suppose m*l - 40*l + 1570 = 0. What are the prime factors of l?
2, 157
Let k(o) = 97*o + 2303. What are the prime factors of k(35)?
2, 7, 11, 37
Let m = 43 - 41. Let l(d) = 42*d - 5*d**m + 0 - 41*d + d**3 + 1 - 11. List the prime factors of l(7).
5, 19
Let l = 92775 + -51300. List the prime factors of l.
3, 5, 7, 79
Let p = -1446 - -2428. List the prime factors of p.
2, 491
Let v be ((-4)/(-6))/(32/5328). Let d = 221 - v. List the prime factors of (-2)/11 + 4090/d.
37
Suppose 31*w - 16*w = 17*w - 61692. List the prime factors of w.
2, 3, 53, 97
Suppose -5*r - 3*x + 3346 = -4792, -x + 1 = 0. What are the prime factors of r?
1627
Let d = 658 - 628. Suppose -1293 = 27*y - d*y. What are the prime factors of y?
431
Let g(v) = -v**2 + 34*v - 150. Let b be g(30). What are the prime factors of (-57)/2*(-11)/(-33)*b?
3, 5, 19
Suppose 5*p + 3*a + 2*a - 25 = 0, -3*p + 4*a - 6 = 0. Suppose -4*y + 0*y = 2*l + 198, p*y = -4*l - 90. List the prime factors of y*44/(-12) + (-4)/(-1).
191
Let m = -526 + 1127. What are the prime factors of m?
601
Let c(d) = 2752*d - 1767. What are the prime factors of c(8)?
20249
Suppose 2*d - 5 + 2 = -5*a, 0 = d + a. Let h be (d + -1)*-1 + 2. Suppose 5*y + 105 = h*o, -2*o + 46 = 3*y + y. What are the prime factors of o?
5
Let r = -3222 + 14399. List the prime factors of r.
11177
Suppose 0 = 2*c + 6*b - 3*b - 3372, -4*c = 3*b - 6732. Let z be (24/10)/(8/c). Suppose o = 4*m + 5*o - 668, -4*o = 3*m - z. List the prime factors of m.
2, 41
Suppose -3*i - 150 = 108. Suppose 1393 = -292*a + 299*a. Let c = a + i. What are the prime factors of c?
113
Suppose -16 - 8 = 2*d - 5*y, 6 = -5*d - y. Let x be (-2 - -2)/(2/d*1). Suppose x = 4*f - 3*j + 11 - 50, 5*f - 51 = 3*j. What are the prime factors of f?
2, 3
Suppose 4*m = 4 + 8. Suppose 3*l = m*a + 2*a + 49, 5*l + 5*a - 95 = 0. What are the prime factors of (9/l)/(2/168)?
2, 3, 7
Let j = 8 - 1. Suppose -5*t - 5*r - 58 = j, 5*r + 29 = -t. List the prime factors of (3/2)/(t/(-516)).
2, 43
Let b = 404 + -400. Suppose -b*u + 8985 = 11*u. List the prime factors of u.
599
Let k(b) = -18*b**2 + 7*b + 1. Let d(g) = -g**2. Let s(m) = 4*d(m) - k(m). List the prime factors of s(-5).
2, 3
Suppose 0 = -4*g + s - 9, -6*s = -3*g - s - 11. List the prime factors of ((-2508)/11 + 10)*(g - -1).
2, 109
Suppose 4*n - 3*v + 19 = 0, -5*n + n = 4*v - 16. Let c(i) = 376*i**2 + i. List the prime factors of c(n).
3, 5
Let a(c) = 1564*c + 3557. What are the prime factors of a(16)?
3, 7, 1361
Let d(k) = -16*k + 61. Let w be d(4). Let f(p) = p - 3. Let x be f(3). What are the prime factors of 0 - w - 1 - x/(-3)?
2
Let x = -24991 - -54305. List the prime factors of x.
2, 14657
Suppose 13 = 7*w - 6*w + 5*p, -w = -5*p - 33. Suppose 5*b = w + 1167. What are the prime factors of b?
2, 7, 17
Suppose -1 + 173 = -4*r. Let t = r - -47. Suppose -5*b - t*u = -567, -3*u = -u + 4. List the prime factors of b.
5, 23
Let c = 9400 - 5645. What are the prime factors of c?
5, 751
Let n = 21779 + 24427. List the prime factors of n.
2, 3, 17, 151
Let i = 296 - 275. Suppose -20644 = 8*q - i*q. What are the prime factors of q?
2, 397
Let h be ((336/15)/(-8))/(2/10). Let y = h + 347. List the prime factors of y.
3, 37
Let n(r) be the second derivative of -r**3/3 + 19*r**2/2 - 1058*r. Let q = 7 - 3. What are the prime factors of n(q)?
11
Let m = -28113 + 28992. List the prime factors of m.
3, 293
Let f be ((-352)/12)/(1/(-3)). Let u be (f/(-10))/((-3)/30) + -1. Suppose -13*y + 10*y + u = 0. List the prime factors of y.
29
Let b be (15 + -9)/(4*1/2). Suppose -b*k - 7140 = -23*k. What are the prime factors of k?
3, 7, 17
Suppose x + 21 = y, 0 = y - 5*x - 17. Let a be (-3577)/(-11) - 4/y. Suppose 5*j - 5*g + 0*g - a = 0, 4*g - 154 = -2*j. List the prime factors of j.
3, 23
Let h = 110943 - 36539. List the prime factors of h.
2, 11, 19, 89
Let c(y) = 55*y**2 + 16*y - 16. Let f be c(-6). Suppose -8*g + f = 204. What are the prime factors of g?
2, 13
Suppose -q - 3*t + 15152 = 0, -4*t = -2*t - 10. What are the prime factors of q?
15137
Let r be (-3645)/2 - (10 + 95/(-10)). Let o = 3292 + r. What a